 a composite number?
True
Is 445217261 composite?
False
Is 282671027 composite?
False
Is 9833848013 prime?
False
Is 403759913 prime?
False
Is 1813936979 a composite number?
True
Is 10182637057 composite?
False
Is 66924629 a prime number?
False
Is 70164003289 a prime number?
True
Is 5309712439 composite?
False
Is 34168039487 composite?
True
Is 2945107381 prime?
False
Is 33574620307 prime?
True
Is 236551487 prime?
False
Is 1842027043 composite?
False
Is 7765153519 a prime number?
True
Is 89698967 prime?
False
Is 2909721817 a composite number?
False
Is 74106038066 composite?
True
Is 287919781 prime?
False
Is 995257171 composite?
True
Is 1248579221 prime?
True
Is 4643058907 a composite number?
False
Is 38578036213 a composite number?
False
Is 409704947 composite?
True
Is 280253027 prime?
False
Is 98909999 a composite number?
True
Is 17377457957 composite?
False
Is 11216956913 a composite number?
True
Is 12940801253 composite?
False
Is 14614108283 prime?
True
Is 163109153 composite?
True
Is 15506673971 a prime number?
True
Is 134496023 a prime number?
False
Is 1332749921 a prime number?
False
Is 2016606199 composite?
True
Is 35432774417 a prime number?
True
Is 6459784351 a composite number?
True
Is 461200124369 a composite number?
False
Is 2036648219 prime?
True
Is 889872637 composite?
False
Is 11486960819 a prime number?
True
Is 46239629461 composite?
True
Is 881229707 a composite number?
True
Is 10866889961 a composite number?
True
Is 1361211997 prime?
True
Is 703546621 composite?
True
Is 269889469 a composite number?
False
Is 263958547 composite?
False
Is 6018536297 a composite number?
True
Is 1561448489 composite?
False
Is 281152947791 a composite number?
False
Is 2160628201 a composite number?
False
Is 202607629 a composite number?
True
Is 472628597 a prime number?
False
Is 15901368397 prime?
True
Is 10278027493 a prime number?
True
Is 46849172134 composite?
True
Is 755495287 a prime number?
False
Is 214488551 a composite number?
True
Is 12817825063 a composite number?
False
Is 1516719509 a prime number?
True
Is 3961757023 a composite number?
True
Is 881219714 composite?
True
Is 2890287863 a prime number?
False
Is 790223051 a prime number?
False
Is 5854526477 a prime number?
True
Is 73979099 a prime number?
True
Is 3675785459 a prime number?
True
Is 3140948927 prime?
True
Is 14694102221 prime?
True
Is 14819239979 a composite number?
False
Is 33789865589 a prime number?
True
Is 3720662887 a composite number?
True
Is 44782312301 composite?
False
Is 710661233 prime?
True
Is 76785574363 a composite number?
True
Is 2954390449 prime?
True
Is 18525334487 a prime number?
False
Is 27630756239 a prime number?
True
Is 2726134673 composite?
True
Is 3868230437 a prime number?
False
Is 411580157 a composite number?
False
Is 3952371323 a prime number?
True
Is 1549831921 composite?
True
Is 994956197 a prime number?
True
Is 389982229027 a composite number?
True
Is 3657941011 composite?
False
Is 1692785077 composite?
False
Is 247390307 composite?
True
Is 38287801301 a prime number?
True
Is 731859743 prime?
True
Is 175088671 composite?
True
Is 134599713713 a composite number?
True
Is 1046838037 a composite number?
True
Is 19776262321 a prime number?
False
Is 1626899843 prime?
False
Is 6683063029 prime?
False
Is 299234797 composite?
True
Is 1816886741 composite?
True
Is 5110094131 prime?
True
Is 3167871383 prime?
True
Is 7404622157 prime?
False
Is 33423493549 a prime number?
True
Is 945912377 prime?
True
Is 267213347 a composite number?
True
Is 109213726283 composite?
True
Is 6975645685 composite?
True
Is 125827211 composite?
False
Is 127116511 composite?
True
Is 80362745807 a composite number?
False
Is 3496617559 a prime number?
False
Is 1024772663 a composite number?
False
Is 599026691 composite?
False
Is 120547236839 prime?
False
Is 3642082859 composite?
False
Is 4577566207 a composite number?
True
Is 232580351 a composite number?
False
Is 533846377 a composite number?
False
Is 2210033821 prime?
False
Is 2245036999 a prime number?
False
Is 496264157 prime?
True
Is 4269110929 prime?
False
Is 41877871103 a prime number?
True
Is 967114157 a composite number?
False
Is 145482169 a composite number?
True
Is 69494941 composite?
True
Is 38944993127 composite?
False
Is 17984691071 composite?
True
Is 246844750681 prime?
False
Is 1661607371 composite?
False
Is 1902718513 prime?
False
Is 2148217567 composite?
True
Is 109487105879 composite?
False
Is 60186419 a composite number?
True
Is 3348601799 a composite number?
False
Is 1959108599 a composite number?
True
Is 2089677797 composite?
True
Is 2234693557 prime?
True
Is 777017393 prime?
False
Is 13092451 a prime number?
False
Is 1220972059 a composite number?
False
Is 5307288969 composite?
True
Is 111851162987 a composite number?
False
Is 17723617511 a prime number?
True
Is 2268157777 composite?
True
Is 14722328161 prime?
True
Is 11512170953 a composite number?
False
Is 2540861473 a composite number?
False
Is 16491108203 a composite number?
True
Is 19984662773 prime?
False
Is 2001515293 composite?
False
Is 11399211031 composite?
True
Is 734532431 prime?
False
Is 8958869103 a prime number?
False
Is 4494762815 a prime number?
False
Is 1112813203 prime?
False
Is 6550492301 a composite number?
False
Is 25686209137 prime?
True
Is 8451068411 prime?
False
Is 12349223483 a prime number?
True
Is 7427613031 a composite number?
True
Is 17643795277 a composite number?
False
Is 1488450343 a prime number?
True
Is 2227788883 composite?
False
Is 543727027 composite?
True
Is 674404609 composite?
False
Is 10142953463 prime?
False
Is 2565668821 a composite number?
True
Is 313428701 prime?
False
Is 720694861 prime?
True
Is 37483621739 prime?
True
Is 162015023 composite?
False
Is 18144219149 prime?
False
Is 4394156041 a prime number?
False
Is 4461154921 a composite number?
False
Is 12449936321 a composite number?
True
Is 62279738591 a prime number?
False
Is 19914866827 a prime number?
False
Is 954034261 a prime number?
True
Is 256413541 a composite number?
True
Is 90125729053 prime?
True
Is 4624852303 prime?
False
Is 406286653 composite?
False
Is 3556252679 prime?
False
Is 63673398583 a composite number?
False
Is 41308021537 a prime number?
True
Is 8861634953 composite?
True
Is 5000934299 prime?
False
Is 846585598 a prime number?
False
Is 177024451 a composite number?
True
Is 15011773181 prime?
True
Is 16236618323 a prime number?
True
Is 19045506219 a composite number?
True
Is 783055561 composite?
True
Is 32365120979 a prime number?
False
Is 2361894529 prime?
True
Is 7584613957 a prime number?
False
Is 1624337977 a prime number?
True
Is 13329191371 prime?
True
Is 3944760979 a prime number?
True
Is 477699143509 prime?
False
Is 14167713089 prime?
True
Is 348110138 prime?
False
Is 417832529 composite?
True
Is 78629231413 a composite number?
True
Is 311865545 a prime number?
False
Is 3427072387 composite?
False
Is 426204055 a composite number?
True
Is 667198061 a prime number?
True
Is 345443809 a prime number?
False
Is 23320613143 composite?
False
Is 61168745021 prime?
True
Is 2392152317 composite?
False
Is 2512030277 a prime number?
True
Is 6158321467 prime?
True
Is 93681559 prime?
False
Is 2105360557 a composite number?
True
Is 7093612027 prime?
True
Is 18078544351 composite?
True
Is 4592843599 prime?
False
Is 25126977259 a prime number?
False
Is 7233284699 a prime number?
True
Is 3168341047 a prime number?
True
Is 1688761753 a prime number?
False
Is 9283143269 prime?
False
Is 30703514 composite?
True
Is 657203573 a composite number?
True
Is 5751392467 prime?
False
Is 37932336191 a prime number?
True
Is 1577693413 composite?
False
Is 54236487959 prime?
True
Is 9550397183 prime?
False
Is 1202258381 prime?
False
Is 1968361649 composite?
True
Is 5006405629 composite?
False
Is 2153766179 a composite number?
False
Is 656022301 a prime number?
False
Is 4480119617 a prime number?
True
Is 3895913531 a composite number?
True
Is 14180048969 a composite number?
True
Is 6294880993 prime?
False
Is 102939021181 prime?
True
Is 23573959 composite?
False
Is 100974668777 a prime number?
True
Is 7933467683 a prime number?
True
Is 15717860173 prime?
False
Is 283405085401 prime?
True
Is 102749624619 a composite number?
True
Is 4427678419 composite?
False
Is 5691